(w) = -w**3 + 16*w**2 - 108*w + 2590. Determine h(18).
-2
Let h(u) = 8*u**2 - 125*u - 66. What is h(18)?
276
Let f(s) = 172*s**2 + 2075*s + 5. What is f(-12)?
-127
Let c(q) = -q**3 - 24*q**2 + 14*q + 189. Determine c(-23).
-662
Let o(d) = 5*d - 254. Determine o(47).
-19
Let b(r) = 2*r**2 - 55*r - 32. Give b(28).
-4
Let i(x) = x**3 - 9*x**2 - 33*x + 108. Give i(10).
-122
Let f(w) = w**2 + 43*w + 456. What is f(-23)?
-4
Let j(l) = 42*l + 470. What is j(-15)?
-160
Let n(u) = -u**3 - 52*u**2 + 166*u + 2. What is n(3)?
5
Let d(k) = -2*k**3 - 24*k**2 - 9*k - 3. What is d(-8)?
-443
Let s(c) = 293*c + 1179. What is s(-4)?
7
Let q(v) = 2*v**3 - 8*v**2 + 92*v - 737. Give q(7).
201
Let k(b) = -2*b**3 + 6*b**2 + b - 28. Determine k(-3).
77
Let h(l) = -l**2 - 44*l - 331. Calculate h(-29).
104
Let p(c) = 906*c - 9051. What is p(10)?
9
Let h(p) = 116*p**2 - 11*p + 13. Calculate h(1).
118
Let t(w) = w**3 + 130. Determine t(0).
130
Let p(s) = -3380*s - 206184. Give p(-61).
-4
Let v(o) = -o**3 + 22*o**2 - 22*o - 6. What is v(21)?
-27
Let j(d) = -65*d**2 + 392*d - 10. Calculate j(6).
2
Let a(c) = 2*c**3 - 65*c**2 - 42*c + 168. Determine a(33).
-129
Let k(t) = -t**2 + 6*t + 94. What is k(6)?
94
Let l(t) = -76*t**2 - 1152*t - 125. What is l(-15)?
55
Let m(l) = -l**2 + 2*l + 3248. Calculate m(58).
0
Let w(m) = -m**2 + 100*m - 1976. What is w(27)?
-5
Let k(z) = z**3 - 5*z**2 - 33. Give k(6).
3
Let q(p) = -46*p + 1390. Calculate q(23).
332
Let i(t) = -11*t**3 + 3*t**2 + 11*t - 11. Calculate i(1).
-8
Let a(f) = 24*f - 587. What is a(25)?
13
Let w(b) = -116*b**2 - 17054*b - 300. What is w(-147)?
-6
Let q(b) = -b**2 - 70*b - 582. Calculate q(-9).
-33
Let g(p) = -12*p + 4. Determine g(-3).
40
Let v(w) = -34*w**2 + 226*w - 135. Give v(6).
-3
Let q(p) = p**3 + 11*p**2 - 21*p - 40. Calculate q(-13).
-105
Let v(y) = y**2 + 223*y + 90. Give v(0).
90
Let k(u) = 115*u + 1563. Give k(-14).
-47
Let m(l) = 4*l**2 + 74*l + 28. Give m(-19).
66
Let i(a) = -576*a + 115774. Determine i(201).
-2
Let k(a) = -212*a - 6357. Calculate k(-30).
3
Let l(s) = -s**3 - 2*s**2 + 7*s + 228. Give l(0).
228
Let n(u) = -u**3 - 50*u**2 - 42*u + 350. Give n(-49).
7
Let i(m) = -24*m - 1136. Calculate i(-5).
-1016
Let b(l) = 14*l + 105. Give b(22).
413
Let h(i) = -i**3 - 14*i**2 + 40*i + 792. Calculate h(-11).
-11
Let a(w) = 12*w**2 - 4*w - 69. Give a(-5).
251
Let h(f) = 14*f - 816. Calculate h(61).
38
Let z(f) = 7*f**2 + 99*f + 301. Determine z(-8).
-43
Let j(f) = -56*f - 106. What is j(-5)?
174
Let m(s) = -20409*s + 142868. What is m(7)?
5
Let r(o) = -4*o**3 + 11*o**2 + 18*o - 58. Give r(6).
-418
Let m(x) = -x**3 + 3*x**2 + 2*x - 40. What is m(5)?
-80
Let s(l) = -4*l - 49. Determine s(11).
-93
Let a(y) = 101*y**2 - 315*y + 10. Determine a(3).
-26
Let s(t) = 15*t**2 - 22*t + 23. Calculate s(1).
16
Let u(d) = -378*d - 6797. What is u(-18)?
7
Let t(r) = r**3 - r**2 - 91*r - 225. Give t(-3).
12
Let a(w) = w**3 - 23*w**2 - 27*w + 31. What is a(24)?
-41
Let p(w) = 79*w - 368. Calculate p(7).
185
Let k(b) = -b**2 - 46*b + 66. Calculate k(-47).
19
Let c(a) = -a**3 - 159*a**2 + 999*a + 1483. Determine c(-165).
-2
Let g(j) = j**2 + 12*j - 78. Calculate g(-17).
7
Let r(s) = -346*s + 1731. What is r(5)?
1
Let f(v) = 2*v**3 - 235*v**2 + 129*v - 1401. Determine f(117).
3
Let r(p) = -140*p - 312. Determine r(-1).
-172
Let d(w) = -528*w - 8971. Calculate d(-17).
5
Let s(o) = 34*o**2 + 973*o - 332. What is s(-29)?
45
Let m(x) = 42*x**2 - 9*x - 7. What is m(-2)?
179
Let q(t) = -12*t**2 - 32*t + 2. Determine q(-4).
-62
Let b(z) = -8250*z + 74258. Give b(9).
8
Let s(u) = -289*u - 1. Calculate s(1).
-290
Let o(p) = -12*p - 177. Calculate o(-2).
-153
Let x(c) = -2*c**2 + 23*c - 69. Determine x(13).
-108
Let d(y) = -y**3 + 22*y**2 + 26*y - 99. Determine d(23).
-30
Let w(b) = b**3 - 2*b**2 - 6*b - 92. Determine w(0).
-92
Let l(n) = -3*n**2 + 320*n - 1075. What is l(103)?
58
Let k(x) = -5*x - 19. What is k(16)?
-99
Let g(v) = 2*v**3 + 193*v**2 + 105*v + 864. Calculate g(-96).
0
Let y(j) = j**3 - 14*j**2 - 66*j - 41. Determine y(18).
67
Let o(d) = d**2 + 7*d - 95. Give o(6).
-17
Let v(d) = -448*d - 3588. Give v(-8).
-4
Let o(s) = s**3 + 3*s**2 - 4*s + 1. Determine o(-5).
-29
Let a(o) = -o**3 - 11*o**2 + 29. What is a(-3)?
-43
Let y(h) = h**3 + 120*h**2 - 1728*h + 131. Give y(-133).
-2
Let v(f) = f - 87. What is v(15)?
-72
Let j(w) = -3*w**3 + 6*w**2 + 2*w - 16. Calculate j(4).
-104
Let n(i) = -9*i**3 + 11*i**2 - 4*i - 5. Calculate n(1).
-7
Let r(b) = 6*b**3 + 20*b**2 - 9. What is r(-3)?
9
Let n(m) = -2*m**3 + 141*m**2 + 221*m - 363. Determine n(72).
-3
Let v(f) = f**3 - 38*f**2 - 4*f + 148. Calculate v(38).
-4
Let t(z) = 849*z + 9346. Determine t(-11).
7
Let q(b) = -4*b**2 + b - 1. Give q(1).
-4
Let p(d) = 44*d + 745. Determine p(-17).
-3
Let p(g) = -30*g + 5. Calculate p(0).
5
Let k(c) = 894*c - 106359. Give k(119).
27
Let v(r) = 4*r - 195. What is v(49)?
1
Let i(v) = -23*v - 1438. What is i(-60)?
-58
Let w(u) = u**3 - 13*u**2 + 95*u - 244. Give w(7).
127
Let m(r) = -51*r - 348. What is m(-5)?
-93
Let n(s) = -409*s + 377. Calculate n(0).
377
Let k(y) = -y**3 - 69*y**2 - 373*y + 434. What is k(-63)?
119
Let u(d) = 277*d - 3332. Calculate u(12).
-8
Let d(l) = 156*l + 4223. What is d(-27)?
11
Let a(k) = k**3 - 5*k**2 - 46*k + 6. Calculate a(-5).
-14
Let i(m) = -1410*m - 4233. Calculate i(-3).
-3
Let z(v) = -v**3 - 69*v**2 - 769*v + 32. What is z(-55)?
-23
Let w(x) = 3*x**2 + 133*x - 743. What is w(5)?
-3
Let u(f) = 33*f - 182. Give u(4).
-50
Let x(b) = 446*b + 1619. Determine x(-3).
281
Let k(l) = -6*l**3 - l**2 + 2*l - 4. Calculate k(-3).
143
Let r(v) = 539*v**3 + 9*v + 8. What is r(-1)?
-540
Let o(z) = -2*z**3 + 47*z**2 + 26*z + 3. Give o(24).
51
Let c(v) = -v**2 + 11*v + 2. What is c(10)?
12
Let o(b) = 6*b**2 - 239*b - 24. What is o(39)?
-219
Let m(d) = -d**2 + 52*d - 329. Determine m(7).
-14
Let v(m) = -m**2 + 4585*m - 18322. Determine v(4).
2
Let q(n) = n**3 - 30*n**2 + 3*n - 71. Calculate q(30).
19
Let y(d) = -53*d + 714. What is y(19)?
-293
Let v(n) = -n**2 + 7*n - 7. Determine v(9).
-25
Let z(p) = p**2 + 9*p - 367. What is z(-24)?
-7
Let b(h) = 41*h + 653. Calculate b(-16).
-3
Let q(s) = -s + 43. What is q(-20)?
63
Let x(i) = 3*i**2 - 11*i - 41. Give x(-7).
183
Let h(m) = 6*m**2 - 36*m - 95. Give h(8).
1
Let r(u) = u**2 + 287*u + 11116. Give r(-46).
30
Let p(v) = -172*v + 2927. Calculate p(17).
3
Let h(s) = -s**2 + 10*s + 343. Calculate h(23).
44
Let q(i) = -16*i**2 + 107*i + 156. Calculate q(8).
-12
Let p(w) = 152*w + 43. Give p(-1).
-109
Let x(o) = -53*o + 58. Calculate x(3).
-101
Let r(m) = -136*m + 26895. Calculate r(198).
-33
Let b(j) = -31*j + 1784. What is b(57)?
17
Let a(d) = -d**3 - 8*d**2 - 24*d - 129. What is a(-6)?
-57
Let i(h) = -h**2 - 38*h + 870. Give i(-54).
6
Let d(r) = 348*r + 11. What is d(-2)?
-685
Let p(b) = 24*b + 2212. Calculate p(-93).
-20
Let n(p) = 2*p**2 - 73*p + 26. Calculate n(36).
-10
Let o(l) = -l**2 - 18*l - 15. Determine o(-26).
-223
Let y(p) = -p**3 - 35*p**2 + 411*p - 143. Determine y(9).
-8
Let i(r) = 6*r**2 - 17*r + 54. Give i(4).
82
Let d(r) = r**3 + 4*r**2 - 30*r - 57. Determine d(-7).
6
Let l(t) = t**2 - 12*t - 237. What is l(23)?
16
Let x(g) = -2*g**2 + 190*g - 1702. Give x(10).
-2
Let l(z) = -1880*z + 13166. What is l(7)?
6
Let k(u) = 2*u**2 + 49*u - 321. What is k(8)?
199
Let y(q) = 7*q**3 - 4*q**2 + 4*q + 18. Determine y(0).
18
Let s(n) = 46*n - 128. Calculate s(4).
56
Let q(a) = 3*a**2 + 490*a - 11611. Calculate q(21).
2
Let y(f) = 523*f + 15. What is y(-1)?
-508
Let v(u) = 2*u**2 - 45*u + 20. Determine v(22).
-2
Let z(w) = w**3 - 15*w**2 + w - 7. What is z(15)?
8
Let g(w) = -w**3 - 15*w**2 - 967*w - 14499. Calculate g(-15).
6
Let w(i) = 171*i - 44. Calculate w(-1).
-215
Let w(g) = 5*g**2 + 20*g + 4. What is w(-1)?
-11
Let t(w) = 40*w**3 - 9*w**2 - 42*w - 5. Give t(-3).
-1040
Let h(d) = 44*d**3 + 11*d**2 + 15*d + 4. Give h(-1).
-44
Let q(v) = v**3 + 3*v**2 - 152*v - 873. What is q(-9)?
9
Let o(k) = k**3 + 2*k**2 - 10*k + 12. Give o(-5).
-13
Let u(p) = -3*p**3 - 5*p**2 + 8*p - 2. Determine u(3).
-104
Let k(f) = -3*f**2 + 721*f + 9617. Determine k(253).
3
Let r(v) = 387*v - 27080. Calculate r(70).
10
Let n(y) = 93*y - 5946. Calculate n(66).
192
Let q(i) = i**3 - 10*i**2 - 127